(-11)/13?
1
Let z be 1/3 + 147/(-9). Let h = z - -38. What is the units digit of h?
2
Let s(k) = k**3 - 7*k**2 + 3*k + 6. Let b be s(6). Let g = b - -6. What is the units digit of 2*(27/g)/(-3)?
3
Let b = 6 + -3. Let o be 6 - -1 - (7 - 4). Suppose b*q - 36 = o*u, 0*q - u + 5 = q. What is the units digit of q?
8
Suppose -u + 3*u - 196 = 0. What is the units digit of u?
8
Let p(c) = -4*c**3 - 11*c**2 + 8*c + 9. What is the tens digit of p(-5)?
9
Let i = -1 - -3. Suppose -i*l - 1 = -5. What is the tens digit of (1 + l - 2)*12?
1
Let l be (-57)/(-5) - 2/5. Let a be 76/12 - 4/(-6). Let y = l - a. What is the units digit of y?
4
Let b(a) = a**2 - 8*a + 6. Let h be b(8). Suppose 2*p = h*p - 136. What is the tens digit of p?
3
Let w be (234/15)/((-8)/(-20)). Let a = w - 14. What is the units digit of a?
5
Suppose -6 = -2*t + 8. Let v(w) = w**3 + 3*w**2 - 3*w + 4. Let h be v(-4). Suppose h = -n + 2 + t. What is the units digit of n?
9
Let r(w) = 8*w + 77. What is the units digit of r(0)?
7
What is the tens digit of 6/(-21) + 573/21?
2
Suppose 0 = q + 2*q. Let j = 4 - q. What is the units digit of j?
4
Let k(v) = 2*v**3 + 2*v**2 - 2*v - 3. What is the units digit of k(3)?
3
Let f(g) = g**3 + 12. Let m be f(0). Suppose c - 3*k = 4*c - m, -50 = -5*c + 5*k. What is the units digit of c?
7
Let w(c) be the third derivative of c**5/60 - c**4/6 + c**3/2 - 3*c**2. Let g be w(3). Let l(m) = m + 16. What is the tens digit of l(g)?
1
What is the units digit of (5 - 4 - 4)*-1?
3
Suppose -4*z = u - 61 - 28, 5*u - 88 = -3*z. What is the units digit of z?
1
Let t = 1 + 1. Suppose -t*j = -5*j + 66. What is the units digit of j?
2
Let z = 108 - 55. Let t = -29 + z. What is the tens digit of t?
2
What is the units digit of (-4)/(-28)*-3 - (-801)/7?
4
Let u be (-6)/(-3) + -1 - -1. Let x(f) = -4*f - 1. Let w be x(-1). Let z = u + w. What is the units digit of z?
5
Let h be (-30)/(-9) - (-2)/(-6). Let p = h + -7. Let z(y) = -y**2 - 5*y + 3. What is the units digit of z(p)?
7
Let x = 547 + -345. Suppose 2*w - 7*w + x = i, -2*w - 2*i = -84. What is the tens digit of w?
4
Let x(b) = b**2 - 4*b - 5. Let y be x(5). Let r be y - (-1 + 6)*-1. Suppose 3*i = k + 2, -r*k - i - 10 = -64. What is the tens digit of k?
1
Let n be (-2)/2 - 1*-25. Suppose 4*s = 3*o - 32 - n, 4*s - 28 = -4*o. What is the units digit of o?
2
Let r(w) = w**2 + 5*w - 1. Let i be r(-6). Suppose -2 = i*s + 48. What is the units digit of (2 + 24/s)*-15?
6
Suppose -4*y = -5*w + 740, 592 = -w + 5*w - y. Suppose 58 = 5*c + 4*i - w, -41 = -c - i. What is the units digit of c?
2
Suppose -3*u - 2*s = -5*s - 189, 3*u - 204 = -2*s. What is the tens digit of u?
6
Suppose -31 = -3*v + q - 2*q, -5*q = 25. Suppose 4*g - v = -0. What is the units digit of g?
3
Let c(m) be the second derivative of -m**4/12 - 4*m**3/3 - 3*m**2/2 + 3*m. Suppose -5*p - 10 = 20. What is the units digit of c(p)?
9
Suppose -4*i - 20 - 4 = 0. What is the units digit of 3/i*2 - -5?
4
Let z(c) = 1. Let p(n) = -n + 15. Let h(i) = -p(i) + 5*z(i). Let x be h(5). What is the units digit of (1 - x)/((-21)/(-70))?
0
Suppose m = -4*m + 40. Let t(k) = -k**3 + 8*k**2 - 8*k + 3. Let n be t(6). Suppose -5*q = -n - m. What is the units digit of q?
7
Let l = -43 - -71. What is the units digit of l?
8
Let h be 2/(-6 + 2)*-8. Suppose 4*t - 43 = -5*v, 5*t + h*v + 7 = 72. What is the tens digit of t?
1
Let z(x) = x + 2. Suppose 4*m - 2 - 6 = 0. Let g be z(m). Suppose 5*l = l + g. What is the units digit of l?
1
Let a = -11 + 8. Suppose 5*v = -0*v. Let b = v - a. What is the units digit of b?
3
Suppose 5*z - g - 283 - 165 = 0, 190 = 2*z - 4*g. What is the tens digit of z?
8
Suppose -1 = -4*w - 9. Let o = 19 + w. What is the tens digit of o?
1
Suppose -k + 2*k - 5*g = 9, -2*k - 5*g = 27. Let y = k + 36. What is the units digit of y?
0
Suppose -5 = 2*t - 4*p + 1, -4*p = -4. Let w = -4 - t. What is the units digit of (6 + -5)/((-1)/w)?
3
Suppose 129 = h + 2*x - 5*x, -2*x - 394 = -3*h. What is the hundreds digit of h?
1
Let q be 1 - ((-223)/1 + -1). Suppose -3*v = -8*v + q. What is the tens digit of v?
4
Let w(z) = z + 2. Suppose -2*o + 19 - 7 = 0. What is the units digit of w(o)?
8
Suppose v + 33 = -v + 5*x, 4*v = x - 75. Let f = v - -28. What is the units digit of f?
9
Let l(q) = 2*q - 2. Let d be l(2). Let x(m) = m**2 + m + 1. What is the units digit of x(d)?
7
Let l(q) be the first derivative of 2*q - 2*q**2 + 1/3*q**3 - 1. What is the units digit of l(6)?
4
Suppose -4*q + 10 = -5*k, k + 0*q = -4*q + 22. Let y be ((-4)/(-6))/(1/24). Suppose -m + 3*f = -11, k*m - f - y = 3*f. What is the units digit of m?
2
What is the units digit of -2 + -1 + (-18)/(-3)?
3
Let t = -5 - -10. Suppose 5*j + 5*z = 20, -7 = -4*j + t*z + 18. What is the units digit of j?
5
Let m be 99/(3 - 0) - -1. Suppose 0 = -4*c + 20, 2*c - 3*c - m = -3*x. What is the tens digit of x?
1
Suppose -5 = -3*t + 4. Suppose 37 = 4*r + 5*d, -5*d + 6 = -t*r - 10. What is the tens digit of (78/9 - r)*3?
1
Suppose 3*l - 156 = -l. Suppose 0 = 5*o - l - 16. What is the units digit of o?
1
Suppose 11*w = 14*w - 45. What is the units digit of w?
5
What is the tens digit of ((-38)/(-5))/(16/40)?
1
Suppose 2*g = -4*n - 0*g + 78, 0 = -2*n - 2*g + 36. Suppose 4*f = f + n. Let i = f + -1. What is the units digit of i?
6
Let q(x) = -x**2 - x - 4. Let v(a) = 2*a**2 + 2*a + 3. Let m(h) = 2*q(h) + 3*v(h). What is the units digit of m(-2)?
9
Suppose 3*f - 50 = 2*o, 5*f - 3*o - 18 = 67. What is the tens digit of f?
2
Let q(l) = l**3 - 3*l + 3. Let b(d) = 24*d**3 - 68*d + 68. Let f(t) = -6*b(t) + 136*q(t). Let g be f(1). Let a = 0 - g. What is the units digit of a?
8
Let o(f) = f + 3 - 3. Let x(q) = q - 1. Let b be x(6). What is the units digit of o(b)?
5
What is the tens digit of (20 + 0 + 3)*1?
2
Let o(q) = 4*q - 1. Let b = -2 - -3. Let g be o(b). Suppose -g*p + 45 = -0*p. What is the tens digit of p?
1
Let c(f) = f**2 + 14*f + 11. Let r be c(-13). What is the tens digit of (66/(-24))/(r/16)?
2
Let m = 13 - 7. Suppose m = j + 4. Suppose -5*u + j*b + 3*b = -10, 0 = 4*u - 5*b - 6. What is the units digit of u?
4
Suppose 3*a - 115 - 11 = 0. What is the tens digit of a?
4
Suppose -k + 57 = -4*m, 0 = -k + 2*k - 2*m - 57. What is the tens digit of k?
5
Let u(j) = j**3 - 16*j**2 + 14*j + 18. What is the units digit of u(15)?
3
What is the tens digit of 64/10*(-50)/(-4)?
8
Suppose -n - 10 = 3*a, -3*n = n - 4*a + 8. Let z = 5 - 13. What is the units digit of (5 + 1)/(n/z)?
2
Suppose 0 = -0*a + 2*a - 4, -4*q + 4*a = -176. What is the tens digit of q?
4
Suppose 0 = a - 2 - 1. What is the units digit of -1 + 5 - (0 - a)?
7
Let x(f) = f**2 - 8. Suppose 5*k - 3*s = -35, 2*k - 5*k - 21 = -3*s. What is the tens digit of x(k)?
4
What is the units digit of 18 - (5 + 0 - 2)?
5
Let a be -54 + 15 + (-2 - 0). Let f = -23 - a. What is the tens digit of f?
1
Suppose 15 = 2*s + s. Suppose 9 = s*z + 54. What is the units digit of (-1)/((-8)/z + -1)?
9
Let c(v) = 7*v. Let l(h) = 6*h. Suppose 5*g + 25 = -0*g. Let b(f) = g*l(f) + 4*c(f). What is the tens digit of b(-10)?
2
Let j(d) = -5*d**3 + 4*d**2 + d - 7. Let n(y) = -6*y**3 + 4*y**2 + y - 8. Let b(g) = 5*j(g) - 4*n(g). What is the units digit of b(3)?
9
Suppose -5*g = 4*b + 21, -4*b - 11 = 4*g - g. What is the units digit of b/(-3) - 28/(-12)?
2
Suppose 3*h = 9 + 9. What is the units digit of h?
6
Suppose -5*j - 3*p = -141, -3*j = -p + 7 - 86. What is the tens digit of j?
2
Let w(s) = 49*s + 2. What is the units digit of w(4)?
8
Let q(g) = -g**2 - 6*g - 6. Let v be q(-4). Let r(x) = x**3 - 3*x + 0*x + 3*x**v - 3*x - 2. What is the units digit of r(-4)?
6
Let p(v) = v**2 - 18*v + 35. What is the units digit of p(16)?
3
Let x(k) = k**2 + 2*k + 1. Let m be x(-3). Suppose 0 = 4*i - 3*i - 4. Suppose -m*v - 3*j = 2*j - 40, 0 = i*v - 5*j. What is the units digit of v?
5
Let c = -72 - -29. Let g = c - -86. What is the tens digit of g?
4
Let v be 2 - (3*-3)/3. Let b(i) = -13*i - 5. Let w(f) = -6*f - 2. Let p(n) = v*w(n) - 2*b(n). What is the units digit of p(-1)?
4
Let h = 16 + -11. Suppose 3*w + 4*j - 16 = 0, -h*w - 5*j + 19 + 6 = 0. What is the units digit of w?
4
Let r = 173 + -83. Suppose 2*n = 7*n + r. Let m = -5 - n. What is the tens digit of m?
1
Let k = 12 + -12. Suppose -2*q + 4 = -k*q. What is the u